et r be -1*(-2 + -1)*1. Let w(b) = -7*b - r*b**2 - 3*b**2 + 5*b**2. Let m be w(-6). What is the highest common divisor of m and 3?
3
Let p(v) = -v**2 - 15*v - 6. Let u be p(-12). What is the greatest common factor of 6 and u?
6
Suppose 5*s + 0*s - 325 = 0. Calculate the greatest common divisor of 26 and s.
13
Let y(j) = j**3 + 11*j**2 - j + 7. Let a be y(-11). Calculate the highest common divisor of a and 12.
6
Let q(s) = -2*s - 5. Let r be q(-7). What is the greatest common factor of 99 and r?
9
Suppose -7*m = -4*m. Let h = m - -12. Calculate the highest common divisor of h and 96.
12
Suppose 5*r - 1989 = -369. What is the greatest common divisor of r and 36?
36
Suppose 5*a - 79 + 14 = 0. What is the highest common divisor of 78 and a?
13
Let k = 96 - 30. What is the greatest common divisor of k and 88?
22
Let z(d) = d**3 - 5*d**2 + 7*d. Let n be z(3). What is the highest common divisor of n and 1?
1
Suppose -63 = -4*i - 7*g + 2*g, 3*g - 57 = -4*i. What is the highest common factor of 6 and i?
6
Suppose l + 4*f + 0*f - 67 = 0, 4*f - 292 = -4*l. What is the greatest common factor of l and 15?
15
Let h be 5*42*1/5. Let z = h - 24. Let w be (142 - -2) + -2 + 2. What is the highest common divisor of z and w?
18
Let d(g) = g**3 - 2*g**2 + 4*g - 2. Let p be d(2). What is the highest common divisor of 9 and p?
3
Let s(o) = -28*o + 2. Let d be s(-2). Calculate the greatest common factor of 145 and d.
29
Suppose 6*d + 3*d - 162 = 0. Calculate the greatest common factor of d and 126.
18
Let d be -2*(-10*1)/(44/22). Suppose -4*f + 4*j - 64 = 0, 3*j + 0*j = -f - 28. Let o = f + 69. What is the greatest common divisor of o and d?
10
Let i = -21 + -17. Let m be (2 - i)*(-4)/(-10). Suppose 0 = -u + 5*u + 2*y - 40, 5*u = y + 36. Calculate the highest common factor of m and u.
8
Suppose 5*r - 42 = -r. Calculate the greatest common divisor of r and 7.
7
Suppose o + 4*r = 2*o - 4, 2*r + 44 = 4*o. Calculate the greatest common divisor of o and 6.
6
Let q = 37 - 26. What is the greatest common factor of q and 88?
11
Suppose -6*z - 5*z + 253 = 0. Let b(j) = 3*j**2 - 2*j + 3. Let t be b(2). Let c = z - t. What is the highest common factor of c and 18?
6
Let a = 39 - 33. Let y(p) = p + 3. Let q be y(3). Calculate the greatest common factor of q and a.
6
Suppose 0*r - 3*u = r - 33, -3*r + 5*u = -155. Suppose -2*v + 6*v = 72. What is the greatest common factor of v and r?
9
Let i be 2/5 + 1756/10. Let o be (-68)/(16/(-4)) + -1. What is the highest common divisor of o and i?
16
Let w = -6 - -30. What is the highest common factor of 3 and w?
3
Let a be (-12)/(-42) + 33/7. What is the highest common factor of a and 25?
5
Let m = -10 + 25. Suppose -5*j = -5*u + m, 2*u = -0*j - 2*j + 2. What is the greatest common divisor of 18 and u?
2
Let d(s) = 2 - 16*s - 2 - s. Let i be d(-4). What is the highest common divisor of 17 and i?
17
Let o(u) = u**3 + 16*u**2 + 13*u + 2. Let t be o(-15). Calculate the greatest common divisor of 8 and t.
8
Let o(u) = -u**3 - 4*u**2 + 6*u - 1. Let h be o(-6). Calculate the greatest common divisor of h and 7.
7
Let u(m) = m**3 + 7*m**2 - 3*m - 4. Let w be u(-6). Calculate the greatest common divisor of w and 20.
10
Suppose 4*v + 450 = 13*v. Calculate the greatest common factor of 10 and v.
10
Let q(t) = -t**2 + 6*t - 2. Let a be q(4). Suppose 0 = m + 2*y + a - 16, 0 = -2*m + 4*y + 20. Calculate the highest common divisor of m and 80.
10
Suppose -q + 11 = 3*b - 0*q, 4*q - 24 = -2*b. Let m be (2/(-14) - 82/14)/(-2). What is the highest common factor of b and m?
1
Suppose 2*z = 7*z. Suppose z = f - 5. Let q be 3*6/(-9) + 22. What is the greatest common divisor of q and f?
5
Let l = -7 - -15. Let y be 140/18 - l/(-36). Calculate the greatest common divisor of y and 88.
8
Let g be (-1 + 3)*(1 + 0). Let h be g + -2 - (-4 + -1). Calculate the greatest common divisor of 5 and h.
5
Suppose 0 = -8*u + u + 756. Calculate the greatest common divisor of u and 18.
18
Let j(k) = -k**2 + 30*k - 116. Let a be j(25). Let y be (-2)/(-2) + (-2 - -2). Let l be 2 - (y - (1 - 1)). Calculate the highest common divisor of a and l.
1
Suppose -78 = 6*s - 9*s. Calculate the greatest common divisor of s and 78.
26
Suppose -5*g = -g - 188. Let p = g - 28. Suppose -11 = -k + p. Calculate the highest common factor of k and 75.
15
Let p = 53 + -11. Calculate the greatest common divisor of 105 and p.
21
Let c(a) = 9*a - 2. Let b(r) = -4*r + 1. Let v(z) = 5*b(z) + 3*c(z). Let f be v(5). Calculate the greatest common divisor of 17 and f.
17
Let v(z) = z**3 - 8*z**2 + z - 6. Let i be v(8). Suppose t - i*t = 0. Suppose 2*s - 92 - 20 = t. What is the highest common divisor of s and 14?
14
Let u(b) = 3*b**2 + 5. Let m be u(5). Let c = 20 + m. Calculate the greatest common factor of 40 and c.
20
Suppose 0*r + 23 = r. Calculate the highest common factor of 23 and r.
23
Let j = 2 + -2. Let m(t) = -t**2 + 16*t + 22. Let x be m(17). Suppose j = -x*i + 7 + 3. What is the greatest common divisor of i and 6?
2
Let p(u) = 5*u**2 - u. Let m be p(1). Let v(r) = r**3 + 10*r**2 + 8*r - 4. Let k be v(-9). Let z = 17 - k. What is the highest common divisor of z and m?
4
Let f = -10 - -15. Suppose f*r - 7 + 2 = 0. Let y be (2 - 1)*r*9. What is the greatest common factor of 45 and y?
9
Suppose 0*h = 3*h - 33. Let a be 6 - -3 - 0 - -2. Calculate the greatest common divisor of h and a.
11
Let g be 84/22 + 2/11. Let z be (-42)/(-8) + (-1)/g. Suppose 0 = -z*u + 72 + 8. Calculate the highest common factor of 48 and u.
16
Let s(c) = -2*c**3 - 8*c**2 - c + 8. Let b be s(-5). Calculate the highest common factor of 7 and b.
7
Let c(t) = 3*t**2 - 1. Let n be c(1). Suppose 8 = n*d - d. Calculate the highest common factor of d and 40.
8
Let d be (2 - -1 - 2)*15. Let x(w) = -w**2 + w + 4. Let j be x(0). Suppose -j*y - d = -115. What is the highest common divisor of y and 10?
5
Let d(t) = 3*t**2 + t - 10. Let h be d(3). What is the greatest common factor of 5 and h?
5
Suppose 2*f - 12 = -2*f. Let s(x) = 41*x + 2. Let r be s(3). Suppose 11 = -5*k + 2*h + r, -5*h = -15. What is the highest common factor of f and k?
3
Let b(j) = -j**3 - 10*j**2 - 12*j - 11. Let m be b(-9). Suppose m = -c + 2*c. Let h = -55 + 79. Calculate the highest common factor of h and c.
8
Let q be 33/27 - 4/18. Suppose 0 = 4*w - 4 - 32. Calculate the greatest common divisor of q and w.
1
Let u = 36 + -24. Suppose 2*q - 212 = 4. Calculate the greatest common factor of q and u.
12
Suppose 6*o - o = 20. Let t be ((-38)/o)/((-4)/40). What is the highest common factor of 19 and t?
19
Let c = 18 + -10. What is the greatest common factor of 20 and c?
4
Let n = 213 - 92. Let p = n + -65. Calculate the highest common divisor of p and 7.
7
Let p = 0 + 2. Let i(j) = -j - 2. Let z be i(-4). What is the highest common divisor of z and p?
2
Let y = 2 - 0. Suppose 0 = -3*n - 4*o + 6, -o + 2*o = y*n - 15. Calculate the highest common divisor of 42 and n.
6
Let r be (2/6)/((-6)/(-72)). Suppose 336 = 4*n + 4*p - 0*p, -4*n = -4*p - 336. Suppose 0*v + n = 3*v. Calculate the greatest common divisor of v and r.
4
Suppose 8*b - 480 = 3*b. Suppose 3*q - b = 120. Calculate the highest common divisor of q and 9.
9
Let y(r) = 5*r - 4. Let x be y(4). What is the greatest common divisor of x and 96?
16
Suppose 21 = 2*s - 2*r + r, -4*r - 20 = 0. Calculate the highest common factor of 4 and s.
4
Let k be (((-72)/30)/6)/((-3)/810). What is the highest common factor of k and 81?
27
Let b(h) = 4*h + 6. Let q(w) = 9*w + 12. Let k(x) = -5*b(x) + 2*q(x). Let m be k(-7). Let o be 36*3/6*m. What is the greatest common factor of 16 and o?
16
Let r(i) be the first derivative of 6*i + 7/3*i**3 + 2 + i**2 + 1/4*i**4. Let b be r(-6). Calculate the highest common factor of b and 12.
6
Suppose -5*r - 7*s + 210 = -2*s, -4*r - 3*s = -166. What is the highest common divisor of r and 32?
8
Let w = -611 - -291. Let i = -101 - w. Suppose 218 = 4*s + 2*a, -4*s = -a + 2*a - i. What is the highest common factor of 5 and s?
5
Suppose -5*c - 74 - 12 = -3*n, 0 = 4*n + 5*c - 68. Calculate the highest common factor of n and 11.
11
Let v(o) = -o**2 - 2*o - 6. Let m be v(-6). Let c = m - -57. Calculate the highest common factor of 3 and c.
3
Let f be 5/((10/(-15))/((-4)/6)). Calculate the highest comm